- 21*v + 7. What is the hundreds digit of p(17)?
3
Let m be 150/(-3) - (-3)/(9/(-6)). Let y = m + 382. What is the tens digit of y?
3
Suppose 5*u = -2*l + 34018, l + 3*u - u = 17007. Suppose -22*q = -l + 3711. What is the tens digit of q?
0
Let h = 939 + -937. Suppose b = -1, -3*m + 9699 = h*m + b. What is the tens digit of m?
4
Let k(n) = -4*n**3 + 33*n**2 + 50*n + 32. Let h(s) = s**3 + s**2 + 1. Let t(d) = 5*h(d) + k(d). What is the units digit of t(-36)?
9
Suppose 67*d + 1005 = 68*d. Suppose -18*b - d = -285. What is the hundreds digit of (123/(-48)*-4)/((-2)/b)?
2
Suppose -5*a = -2*y - 15162, 11*y - 6*y + 3014 = a. What is the hundreds digit of a?
0
Let l be (12/7)/((-16)/168). Let p(n) = n**3 + 19*n**2 - 21*n - 32. What is the tens digit of p(l)?
7
Let u(d) = d**2 - d - 15. Let i be u(-4). Suppose -4*b - 3*h + 53 = 0, -i*b - 2*h + 58 + 10 = 0. Suppose -b*y = -57 + 1. What is the units digit of y?
4
Let m be 0/(7/14*(-3 + 1)). Suppose m = -3*q - 5*w + 1987 + 2595, 3063 = 2*q + 5*w. What is the units digit of q?
9
Suppose f + j = 667, 3349 = 5*f + 4*j - 6*j. Let p = f + 38. What is the tens digit of p?
0
Suppose -3*w - 3*a + 173844 = 0, 141*w - 4*a + 115908 = 143*w. What is the thousands digit of w?
7
Let o(w) = 1659*w**3 + 10*w**2 - 14*w - 2. What is the tens digit of o(2)?
8
Let s be ((-42)/5*-1)/(2/95). Let i = s - 278. What is the units digit of i?
1
Let k(r) = 2633*r + 1004. What is the tens digit of k(23)?
6
Suppose -25307 = 20*l - 63847. Let w = l + -671. What is the hundreds digit of w?
2
Let x(r) be the second derivative of -r**3/6 + r**2/2 + 11*r. Let d(p) = -p**3 + 10*p**2 - 10*p - 2. Let w(o) = -d(o) - 2*x(o). What is the tens digit of w(9)?
2
Let m(o) = -5*o**3 - 12*o**2 - 12*o + 31. Let k be m(-7). Suppose -24*i = -30*i + k. What is the hundreds digit of i?
2
Suppose -2*k + 3465 = 9*s, 5*k + 1032 = 3*s - 123. What is the hundreds digit of s?
3
Suppose 9780 = 6*w - 1896. Suppose 0 = 15*b - w - 8779. What is the tens digit of b?
1
Let k be 15/(-80)*-10 - 2/(-16). Suppose -k*t + 6*t = 964. What is the hundreds digit of t?
2
Let q be -6*((-282)/36 - -7). Suppose -675 = -3*j + q*i + 452, 0 = 5*j - 2*i - 1853. What is the units digit of j?
9
Let n(k) = 242*k - 225. What is the tens digit of n(2)?
5
Let b(a) = -2*a**3 + 11*a**2 - 3*a - 6. Let l be b(5). Let y(h) = 21*h**2 - 3*h + 30. What is the tens digit of y(l)?
5
Suppose 2*p + p + 180 = 0. What is the units digit of (-1)/3 + 10/p*-1370?
8
Let q(y) = -27*y + 322. Let k be q(12). What is the tens digit of (2104/(-7))/k + 64/(-224)?
5
Let k(z) = 18*z - 14. Let l(s) be the third derivative of -s**4/24 + 26*s**2. Let q be l(-6). What is the tens digit of k(q)?
9
Let d(o) = 24*o**2 + 3*o + 32. Let c be d(-13). Let g = -2596 + c. What is the thousands digit of g?
1
Let r = -38 + 38. Suppose 5*z + 307 - 2794 = 3*o, r = o + 4. What is the units digit of z?
5
Let d = 90 - 13. Let p = 8 + d. What is the tens digit of p?
8
Suppose 0 = 9*q + 12*q + 59 - 206. Let l(d) be the third derivative of d**5/15 + d**4/8 + d**3/6 - d**2. What is the units digit of l(q)?
8
Let x(b) = b**3 + 20*b**2 + 17*b - 32. Let y be x(-19). Suppose -38 = -y*q - 236. Let k = 8 - q. What is the tens digit of k?
4
Let f = 39 + -99. Let h be (8/10)/((-24)/f). Suppose -4*s + 122 = -m + h*m, 0 = m - 2. What is the tens digit of s?
3
Let z(q) = 6*q + 1. Let x be z(11). Suppose -91 = -2*w - x. Suppose w*c - 1523 + 47 = 0. What is the tens digit of c?
2
Let b = -22797 - -31654. What is the hundreds digit of b?
8
Suppose 3*w = -4*o + 3635, 4*o - w - 3632 = -5*w. Suppose -a = 2*c - 300, -4*a + a = -5*c - o. Suppose 4*p = a + 158. What is the units digit of p?
5
Let s(l) = -2*l**3 - 9*l**2 + 3*l + 8. Let w be s(-4). Let p(m) = -9*m - 81. What is the tens digit of p(w)?
9
Let h(x) be the third derivative of -19*x**4/12 - x**3/6 - 2*x**2. Let s be (6/(-8))/(36/96). What is the tens digit of h(s)?
7
Let d be -1 + -1 + (-12)/(-2). Suppose -2*x - 364 = -k, -x = -d*x - 3. What is the hundreds digit of k?
3
Suppose w - 124 = c - 576, w + 5*c = -470. Let g = -200 - w. What is the tens digit of g?
5
What is the ten thousands digit of (-48)/((7/(7691 + -12))/((-2)/4))?
2
Let n = -171 - -178. Suppose n*b - 290 = 781. What is the tens digit of b?
5
Let n(k) = k**3 - 14*k**2 - 27*k + 67. Let x be n(20). Suppose 0 = -16*w - 279 + x. What is the tens digit of w?
0
Let b = 862 - 864. What is the tens digit of 1339 - -9 - (-3 - b)?
4
Let r = -15947 + 28300. What is the thousands digit of r?
2
Let o = -23725 + 47341. What is the tens digit of o?
1
Let h be -4*(-5)/20*-1. Let t(d) = -2*d**3 + 5*d**2 + 2*d - 9. Let i(s) = -s**3 + s**2 + s - 1. Let j(m) = h*t(m) + 3*i(m). What is the tens digit of j(-7)?
4
Suppose -605058 + 133346 = -23*i + 578721. What is the hundreds digit of i?
6
Suppose -160*t = 3*o - 162*t - 67971, o + t - 22647 = 0. What is the tens digit of o?
5
Let j = 610 + -406. Suppose -734*g + 722*g = 1512. Let m = j + g. What is the tens digit of m?
7
Let k = -340 - -176. Suppose -5*o + 4*h = 39 + 44, 0 = -5*o - 5*h - 110. Let y = o - k. What is the tens digit of y?
4
Let l = 207103 - 147379. What is the hundreds digit of l?
7
Let a(i) = -1400*i + 2242. What is the thousands digit of a(-9)?
4
Suppose -511976 = -36*v - 9*v + 978019. What is the tens digit of v?
1
Let f(a) = 13*a - 61. Let v be f(5). Suppose v*b - 2*o = 4372, -7*o = -6*o + 2. What is the units digit of b?
2
Let n = 2654 - 1424. Suppose 14*g - n - 4524 = 0. Let m = g - 235. What is the hundreds digit of m?
1
Let v(p) = -32*p + 16. Let j be v(-1). Suppose -8*s = -3*s + 245. Let t = j - s. What is the tens digit of t?
9
Let d(f) = f**3 + 13*f**2 + 28. Let r be d(-13). Suppose 1564 = r*w - 24*w. What is the tens digit of w?
9
Let t(c) = -c**2 + 28*c - 4. Let u be ((-20)/3)/(-5)*3/(-2). Let b be u + (34/8)/((-3)/(-12)). What is the units digit of t(b)?
1
Let v be (10/(-35) + 4/7)*21. Let f(h) = 8*h**2 + 16*h - 24. Let y be f(v). Suppose -3*b + 1340 = 5*r + 378, y = 2*r - 5*b. What is the tens digit of r?
9
Let a(g) = -15*g + 13. Let x(c) = -5*c + 4. Let l(z) = -4*a(z) + 11*x(z). Let y be l(4). What is the tens digit of 1749/y - (-4)/16?
4
What is the tens digit of (-3)/1 - 4689/(481/520 - 1)?
1
Let j = 8423 - 1453. What is the tens digit of j?
7
Let m(r) = 28*r - 76*r + 53*r + 37*r + 52*r. What is the hundreds digit of m(9)?
8
Let y(b) be the second derivative of -13*b**5/20 - b**3/3 - b**2 - 14*b. Let w be y(-1). Suppose 2*i - w = i. What is the tens digit of i?
1
Suppose -l + 188*w + 17487 = 187*w, 5*w + 34953 = 2*l. What is the units digit of l?
4
Suppose -4*i + 38 = -162. Suppose 5*z - i = -5*z. Suppose 5*m - 5*t = 500, 2*m = z*t - t + 206. What is the units digit of m?
7
Suppose 6114 = z + 2*f, 3*f = -z + 7*f + 6102. Suppose -29*p + 3*p = -z. What is the tens digit of p?
3
Suppose -4*y - 6580 + 23871 = u, -3*u + 2*y = -51817. What is the ten thousands digit of u?
1
Let d(s) = -1743*s - 488. What is the thousands digit of d(-11)?
8
Suppose -8*c = -14*c + 30. Let z be (1 - 3)*1 + c. What is the units digit of (94 - 4) + z + -4?
9
Let c(r) = 21*r**3 - r**2 + 4*r - 26. Let v(k) = -4*k**3 - k + 5. Let j be 33/6*(1 + 1). Let t(w) = j*v(w) + 2*c(w). What is the tens digit of t(-2)?
1
Let a = 6 + -8. Let b be -1 - (-1 - a - 2). Let d(i) = i**2 - 2*i + 80. What is the tens digit of d(b)?
8
Let l(u) = -664*u - 32. What is the thousands digit of l(-3)?
1
Suppose -10*y + 11*l = -13*y + 15044, -4961 = -y + 4*l. What is the thousands digit of y?
4
Suppose -8*x = -4*x - 0*x. Suppose 10*g - 6 = 8*g. Suppose x = i + 3*l + 3, -4*i + 5*i - g*l = 15. What is the units digit of i?
6
What is the thousands digit of ((-10979)/(-5))/(4 - 708/180)?
2
Let v = 850 - -911. Let f = v - 1239. What is the tens digit of f?
2
Let j = 595 - 589. Let i be 2/(-1 + (-3)/(-2)). What is the units digit of 9/(i*j/16)?
6
Let w be (5 - (5 - -121))*-1. Let n = w + -117. Suppose 128 = n*u - 716. What is the tens digit of u?
1
Let s = -63 + 117. Let c be 2/(-4) - 4401/s. Let m = -12 - c. What is the units digit of m?
0
Let a = -72 - -96. Suppose a*n - 18*n - 1176 = 0. What is the tens digit of n?
9
Let v be (-2 + -6)/(-4)*14/4. Suppose 180 - 2238 = -v*s. What is the units digit of s?
4
Let v(b) = -31*b**2 - 47*b